+ -8.
-6
What is (1 - -6) + 7 + -9?
5
Evaluate -2 + 2 + -4 - -1.
-3
Evaluate 1 + 18 + -18 + 7.
8
Evaluate 6 + -9 + 6 - 7.
-4
Calculate 4 + (7 - 2) + (-2 - -1).
8
(2 - 7) + 4 + 6
5
2 + (4 - 3) - (-1 + 9)
-5
Calculate (2 - 0) + 4 + -1 - 8.
-3
Calculate -1 - (2 - 7 - -2) - 0.
2
Evaluate -7 - -9 - 5 - 0.
-3
Evaluate 3 + (5 - 2) + -4.
2
Calculate 2 + (-11 - -10) - 3.
-2
Calculate -3 - 0 - (-4 + 1) - -1.
1
What is the value of -3 + (5 - (5 - -1) - 1)?
-5
Calculate 2 - (4 - (0 + 4)).
2
What is (16 - 3) + -10 - (0 - -6)?
-3
Calculate -24 + 14 + 4 + (9 - -1).
4
Calculate 11 + (6 - 10 - 9).
-2
-1 - -4 - (23 + -12 + -12)
4
5 + -6 + 8 - 2
5
Calculate -83 + 86 + (0 + 2 - 1).
4
Evaluate 17 + 1 + 36 + -47.
7
What is -5 - ((-7 - -6) + 2)?
-6
Calculate -11 + 5 - (-2 - -1).
-5
Calculate (0 - 2) + -3 - -2 - -5.
2
Evaluate 4 - (-2 + 3) - (-3 - -10).
-4
Evaluate -8 - (-12 + (-2 - -3)).
3
Calculate 1 + (3 + 3 - 12) + 5.
0
What is 7 + -3 - 3 - -1?
2
Calculate (-3 - (-6 + 5)) + (0 - 2).
-4
What is the value of (-3 - 3) + (1 - -2)?
-3
Evaluate 3 + -1 + 4 + -2.
4
What is -1 + (2 + -2 - (1 + 0))?
-2
What is the value of -4 - (4 + -7 + 3)?
-4
(4 + -3 - -2) + (-3 - -4)
4
Evaluate -5 - (-12 + (-6 - -10) + -4).
7
3 + -3 + -6 - (-5 - -4)
-5
-8 + 1 + 0 + 12 - 3
2
Evaluate 5 + -1 - (4 + (12 - 7)).
-5
What is the value of (-5 - 4) + (17 - 7)?
1
-3 + (7 - 4) - -6
6
What is the value of -12 + 22 - (3 - (-1 - 1))?
5
Evaluate 0 - 10 - (-7 - (5 - 6)).
-4
Calculate (4 - 3) + (3 - 7).
-3
1 + 2 + -5 + -2 + 1
-3
What is the value of 3 - -1 - (-1 - (-2 - 1))?
2
(27 - 33) + -4 + 1 + 7
-2
(1 - -2 - (1 - -4)) + 1
-1
What is the value of (-6 - -5 - 6) + (1 - -1)?
-5
1 + 1 + 1 - (51 - 52)
4
5 - (-5 + 2 - (2 + -4))
6
Evaluate -6 - (4 - 6) - (-7 + 3).
0
-5 + (-12 - (-2 + -10))
-5
Calculate 3 + 11 + -16 + 0 + 4.
2
What is (-58 - -53) + (2 - (-2 + 2))?
-3
What is the value of (9 - (4 - 2)) + (51 - 53)?
5
-4 - (0 - (2 + (0 - 1)))
-3
What is the value of -2 + 0 + 0 - -5 - 4?
-1
What is the value of 9 + 4 + -10 - (-1 + 5)?
-1
Evaluate -6 + 1 + -5 + 1 + 5.
-4
-6 - (6 + -5 + -20) - 6
7
Evaluate (0 - -4 - (2 - 1)) + -3.
0
What is the value of -7 - -6 - 8 - -6?
-3
What is (18 - 9 - -4) + -6?
7
What is the value of (-2 - 2) + (0 + 2 - 0)?
-2
Calculate 1 + 6 + -3 + -8.
-4
Evaluate -3 + 4 + 0 + 2.
3
-2 + (-1 + -1 - -2) + 0
-2
Evaluate 2 + (-6 - (0 - 7)).
3
What is -1 + -1 + (-4 - -3) + 2?
-1
What is the value of 1 - -4 - ((-2 - -31) + -21)?
-3
What is the value of 0 + 0 + 6 + 2 + -5?
3
Evaluate -14 - (4 + 1 - 13).
-6
What is the value of 1 + (-3 - -1) + (-20 - -15)?
-6
Evaluate (-2 - -6) + (1 - 3 - -3).
5
Evaluate -2 + -1 + 9 + -2.
4
What is (2 - 5) + -1 - (-3 + 7)?
-8
What is 6 + -5 + 5 - 4?
2
What is the value of 7 + 1 - (-3 - (2 - 13))?
0
What is the value of -1 + 14 + -9 - 1?
3
Calculate (-4 - -1) + (-4 - -9).
2
Evaluate 0 + 1 + (6 - 3) - 4.
0
What is the value of -4 + (0 - -7 - -2)?
5
Evaluate 4 + (-3 + -1 - -4).
4
Evaluate -1 + (6 - 6 - -4) + 2.
5
What is the value of (11 - (8 - 13)) + -10?
6
Evaluate -8 - -3 - (-15 + 7 - -6).
-3
Evaluate -5 + 2 - (-14 + 8).
3
What is the value of 0 + (1 - 1) - (68 - 67)?
-1
What is 1 + 0 + -1 + 0?
0
Evaluate (2 - (3 + -3 + 5)) + 0.
-3
What is the value of (13 + -7 - 1) + -8?
-3
Evaluate (12 - (-2 - -7)) + -5 + 3.
5
Evaluate (-3 - -1) + (-3 - -6).
1
What is -2 + 2 + 1 + 0?
1
Evaluate 1 - (-4 + -2 + 13).
-6
What is the value of 1 + 4 - (168 + -156)?
-7
Calculate (-75 - -70) + (2 - -1 - 0).
-2
What is the value of 0 - (-4 + (7 - (-1 + 3)))?
-1
What is the value of 5 + 1 + 0 + -1?
5
Calculate (9 - 4) + -11 - -11 - 8.
-3
What is the value of -2 + (-4 - -1) + (-1 - -2)?
-4
Evaluate -4 - 0 - (2 - -3 - 5).
-4
What is the value of -4 + 3 + (4 - 3)?
0
Evaluate -6 - (-3 + (-5 - -5)).
-3
(13 - (16 + -8)) + (0 - 5)
0
8 - 7 - (5 + 0)
-4
2 - -10 - 5 - 4
3
What is the value of 7 + (-5 - -5 - 3) + 2?
6
Calculate (-4 - -1) + 170 + -176.
-9
-2 + 7 + (1 - 3)
3
Evaluate 0 + 3 + -5 - (-2 - 2).
2
Evaluate -9 - (-6 + 12 - 10).
-5
4 + -9 + (8 - 2)
1
Evaluate 0 + 1 + (-3 - 2).
-4
(-5 - -7) + (2 - (9 - 1))
-4
Evaluate -7 - (-3 - (1 + 4)).
1
7 + -13 + 5 + 6 + -2
3
4 + (1 - -3 - (-10 - -20))
-2
What is 4 + -7 - ((-2 - -5) + -4)?
-2
What is (5 - (1 + -3 + 6)) + 2?
3
What is the value of 4 + -1 + -1 + (6 - 4)?
4
Evaluate 1 + 0 - (11 - 15).
5
(-2 - -6 - -2) + -4 - 0
2
What is 3 - (-1 - 0) - 0?
4
Evaluate -6 + 9 - (3 + -1 + -4).
5
-10 + 9 + 4 + -6
-3
Calculate (1 - -6) + -4 + 1.
4
What is -11 + (-5 + 7 - -3) + 4?
-2
What is the value of 4 + -4 + 5 + -9?
-4
Calculate (-5 - 0 - 9) + 1 + 4.
-9
Evaluate -8 + 16 + -10 + 5 + 1.
4
6 + (-1 - -4) + -7 + 2
4
Evaluate (24 - 26) + -1 + 2.
-1
-6 - (-3 + -4 + -3)
4
Evaluate (0 - -8) + (6 + 1 - 12).
3
What is -5 - (-2 + 2) - -1?
-4
What is -1 - 5 - -4 - (10 + -10)?
-2
Calculate -1 + 2 + -10 + (-1 - -5).
-5
What is (9 + -5 - 10) + 1?
-5
What is the value of (3 - 3) + (0 - 0)?
0
What is the value of -7 + 4 + (-5 - 0)?
-8
What is the value of 7 - 0 - 13 - -6?
0
What is the value of -4 - (-3 + (3 - 0) + -1)?
-3
What is the value of -2 + 7 + (-5 - 4)?
-4
Calculate 52 - 44 - (2 + -2).
8
What is the value of -4 + 3 + (-5 - -9)?
3
Calculate 0 + -1 + -2 + 4.
1
Evaluate -2 + (6 - 4) + -5.
-5
What is the value of 4 - -3 - (18 + -7)?
-4
Evaluate -10 + 1 - (30 - 35).
-4
(1 - (6 - 5)) + (1 - 4)
-3
What is the value of 2 + 1 + (-7 - -4) - 2?
-2
What is 4 + (2 - (1 - -5))?
0
(4 - (4 - 0)) + 4
4
What is the value of -143 + 155 - (-2 + 8 + -2)?
8
Calculate 5 - (4 + 6 + -9).
4
7 + (-4 - (-3 + 2 + -5))
9
Evaluate (9 + -17 - -16) + -2.
6
Evaluate (-6 - -8) + -1 - (6 - 2).
-3
1 + (2 - -11) + -68 + 61
7
(11 - (-8 + 20)) + 9
8
What is the value of 8 + -2 + -6 + 6?
6
Calculate -3 - (-2 + 2 + -3) - -2.
2
Calculate -3 + 12 + -3 + -2.
4
What is 0 + (2 - -4) + -5?
1
Calculate (-3 - 2) + 5 - (3 + -4).
1
Calculate 2 - 5 - (8 - (-6 + 14)).
-3
Evaluate 0 + (4 - 3) - -1.
2
-1 - ((-10 - -12) + 0 + 1)
-4
-2 + (-7 - -3) + 2 - -9
5
Evaluate (-16 - -19) + (-4 - 0).
-1
What is (3 - ((4 - 4) + -2)) + -10?
-5
What is the value of 12 - (-2 + 16 + -5)?
3
What is the value of (1 - 2) + (5 - 1) + 0?
3
What is 0 + (4 - (-4 + 15))?
-7
What is 6 - (-1 - 5 - -8)?
4
Calculate -2 - (-10 - -4) - 5.
-1
Calculate -10 - (-2 + -7 - 3).
2
Evaluate (1 - 3) + (-2 - (-2 - -2)).
-4
(12 - -15) + -13 - 19
-5
-8 - (-3 + (0 - (-5 + 4)))
-6
What is 4 + -6 + (-1 - -5)?
2
Evaluate (-5 - -3) + 4 + 0.
2
What is 7 + (-6 - -6 - 1)?
6
What is the value of (-14 - -14) + (1 - (-1 + 4))?
-2
Calculate -33 + 27 - (-4 - -1).
-3
Calculate (-4 + (-2 - -10) - -1) + -1.
4
Calculate 3 - ((5 - 2) + -2) - -4.
6
What is the value of (5 - 6 - (-3 + 6)) + 4?
0
What is 3 + -5 + (1 - -6)?
5
Calculate -5 - (-20 + 11 + 4 + -7).
7
What is -21 - -26 - (0 - -13)?
-8
What is 2 - (-3 + (1 - 4 - -3))?
5
Evaluate (12 + -34 - -15) + -2 + 16.
7
Evaluate (-2 + -1 - -1) + (-3 - 0).
-5
What is -2 - (1 - -5) - -13?
5
(-5 - 2) + 5 - -7
5
What is 13 + (-5 - 4) - (4 - -1)?
-1
What is 7 + -6 - (1 - (5 - 3))?
2
Evaluate 3 + -9 + 5 + 4.
3
What is (2 + -4 - -8) + -1?
5
Calculate -2 + 4 + 0 - -3 - 14.
-9
What is the value of -5 - (-5 + (1 - 3))?
2
Evaluate 13 + 0 + -4 + -11.
-2
-9 + (8 - 3) - 0
-4
2 - (10 - 4) - -10
6
(-2 + -5 - -7) + -4 + 1
-3
What is the value of 2 + 3 + (-6 - 2 - -3)?
0
What is the value of 3 - (2 - 1) - (-1 - -6)?
-3
Evaluate 7 - (-7 + 0 + 11).
3
Evaluate (-19 + 11 - -3) + 0.
-5
-3 + (-2 + 0 - -1)
-4
Evaluate 7 - (-2 - -7 - 2).
4
2 - (0 + (-1 - -5))
-2
What is the value of -10 - 5 - -14 - (-1 - 5)?
5
Calculate 3 - (-13 + 11 - (1 - 9)).
-3
Calculate (-2 - -1) + (0 + -2 - 1).
-4
What is the value of -6 + -1 - (3 + 0 - 6)?
-4
-9 + 3 + (6 - 4)
-4
What is the value of -9 - (2 + -12 - 2)?
3
What is the value of -4 + -3 + 2 + -2?
-7
What is the value of -2 - (2 - 3 - (5 - 4))?
0
Evaluate 2 + (0 - (0 - -3)).
-1
Calculate (-1 + -1 - 2) + -106 + 100.
-10
Evaluate -6 - (5 - ((1 - 3) + 11)).
-2
What is the value of -12 + 16 + 1 + -1?
4
21 + -18 - (-1 + 1)
3
Evaluate -7 + -4 + -4 + 11 - -2.
-2
What is (-13 + 24 - -4) + -7 + 1?
9
What is (2 - -3) + 10 + -10?
5
Evaluate -12 - 0 - (-15 + 11).
-8
What is the value of -3 + (-6 - -3 - -7)?
1
Evaluate -2 - (0 - 8) - (-5 - -14).
-3
Evaluate -5 + 3 - (-5 - -5 - 5).
3
What is the value of -4 - 1 - (-22 + (26 - 3))?
-6
What